e v(-1). Suppose i - c = 16. List the prime factors of i.
29
Let h(m) = 2*m**3 - 17*m**2 - 30*m - 3. List the prime factors of h(13).
2, 3, 47
Suppose 132 - 12 = 3*j. Let y = j + -21. What are the prime factors of y?
19
Suppose -3*a + 1219 = 2*z + 473, 3*a = 3*z - 1089. List the prime factors of z.
367
Suppose -4*u = -3*b + 3, 4*b + b - u = -12. List the prime factors of -51*((-7)/(-3) + b).
2, 17
Let j(u) = 88*u - 120. What are the prime factors of j(17)?
2, 43
Suppose 8*j - 2*q - 8 = 4*j, -5*q + 6 = 3*j. Suppose -j*k + 6*k - 80 = 0. List the prime factors of k.
2, 5
Suppose 6*z = 4*z - 6. Let b be (-962)/z - (-22)/(-33). What are the prime factors of 0 + (0 - b/(-5))?
2
Let p(w) = -w**3 + 26*w**2 - 27*w + 59. Let a(y) = y**2 - 8*y + 16. Let l be a(9). List the prime factors of p(l).
3
Suppose -2*a - 385 = -5*i, -5*a - 864 = 4*i + 115. Let b = 297 + a. What are the prime factors of b?
2, 3, 17
Suppose 2746 = 5*y - 2*i, -3*y = -12*i + 7*i - 1659. What are the prime factors of y?
2, 137
Let a be 5*(0 + 18/(-15)). What are the prime factors of ((-2)/a)/(10/210)?
7
Let s = -210 - -2211. List the prime factors of s.
3, 23, 29
Let a(y) = 45*y**2 + y. Let f = -18 + 24. Let z be f/3 + -1 + -2. What are the prime factors of a(z)?
2, 11
Let l(t) = t**2 + 4*t + 5. Let n be l(-4). Suppose 136 = n*q - q. List the prime factors of q.
2, 17
Let z = 267 + 1436. What are the prime factors of z?
13, 131
Suppose 0 = x - 0*x - 63. Let t = x + -61. What are the prime factors of t?
2
Suppose -8*l = 14*l - 71368. List the prime factors of l.
2, 811
Let t = -3 + 4. Let r be (56/20)/(t/5). Suppose c + r = 2*c. What are the prime factors of c?
2, 7
Let x(o) = -o**3 + 11*o**2 - 13*o + 9. Let u be x(9). List the prime factors of 12/u - (-1256)/18.
2, 5, 7
What are the prime factors of (-1 + 7)/((-8)/(-1832))?
2, 3, 229
Let k be ((-10)/4)/((-7)/140). Suppose 5*a - k = 10*a. List the prime factors of ((-280)/50)/(2/a).
2, 7
Let j = -39 - 103. Let o = j + 260. What are the prime factors of o?
2, 59
Suppose 5*s - 27 = -j, 4*s + 39 = 5*j - 9. Suppose j*u - 14*u = -96. List the prime factors of u.
2, 3
Let o(x) = -x**3 - 32*x**2 - 27*x - 10. What are the prime factors of o(-32)?
2, 7, 61
Let x = 95 + -25. Let c = 82 - x. What are the prime factors of c?
2, 3
Suppose 22*w = 19*w + 42. Let o = -5 + -4. Let i = w - o. List the prime factors of i.
23
Suppose 266*x - 193428 = 212*x. What are the prime factors of x?
2, 3, 199
Let h be -1 - -1 - 15/1. Let t(a) be the third derivative of -a**4/12 - a**3/3 - 69*a**2. What are the prime factors of t(h)?
2, 7
Let f = -543 + 1261. What are the prime factors of f?
2, 359
Let x(d) = -27*d - 8. Let u be x(2). Let s = -45 - u. List the prime factors of s.
17
Let b(r) be the first derivative of r**3/3 + 15*r**2/2 - 33*r - 11. List the prime factors of b(-22).
11
Suppose -5*m + 424 = -556. List the prime factors of m.
2, 7
Let n = 515 - 439. Suppose 5*b - 4*k - 306 = 76, -4*b + 3*k = -306. Suppose -2*g - g = -2*a + n, -b = -2*a + 4*g. List the prime factors of a.
5, 7
Let j(i) = i**2 + 3*i + 2. Let s be j(-3). Suppose -s*m + 23 = -9. Let n = m - -9. List the prime factors of n.
5
Let w be (-2)/(-2) - 214/2. Let l = -69 - w. List the prime factors of l.
37
Let d be (-50)/((-96)/(-390) + (-6)/15). Suppose 4*b - 1129 + d = 0. What are the prime factors of b?
3, 67
Suppose -2 = x - 0. Let s(p) = p**2 + 3*p + 5. Let d be s(x). Suppose w - d*b = 29, 4*b + 43 - 10 = w. List the prime factors of w.
17
Suppose 0 = 6*y - 3*y + 4*j - 2, -5 = -4*y - 3*j. Let q be (y - (-15)/(-9))*6. List the prime factors of 25 - -2 - (q - 1).
2, 13
Suppose -4253 = -13*o + 3365. List the prime factors of o.
2, 293
Suppose 0 = 2*l - 5*l + 213. Let o = l + -3. Let j = o - 41. What are the prime factors of j?
3
Suppose -4*z + 120 = 8*z. Let x(f) = f**2 - 4*f + 49. What are the prime factors of x(z)?
109
Suppose 3*a = 6, 0 = 5*r - a - 1 + 8. Let b(n) = -60*n - 1. What are the prime factors of b(r)?
59
Suppose 162*k = 167*k - 1920. What are the prime factors of k?
2, 3
Suppose 4*b + 3*r = 2814, 5*r + 715 = 6*b - 5*b. List the prime factors of b.
3, 5, 47
Suppose -5*l + 286 = -2*o, 0 = -4*l + 5*o + 326 - 87. List the prime factors of -4 + l/(-4)*-4.
2, 13
Suppose v - 4*v + n + 5 = 0, 5*n + 25 = -3*v. Suppose -2*m - 8 + 52 = v. List the prime factors of m.
2, 11
Let g(w) = -6*w - 2. Let b(o) = o**2 + 5*o - 2. Let z be b(-6). Let u(q) = -q**3 + 3*q**2 + 4*q - 3. Let i be u(z). List the prime factors of g(i).
2
Suppose 16 = -l + 19. Suppose l*g + 4*n + n = 260, 2*g = -n + 171. List the prime factors of g.
5, 17
Let v(p) = p - 18. Let g be v(19). List the prime factors of g*267/(-6)*(-6)/3.
89
Let j = -104 + 37. Let d = j + 173. What are the prime factors of d?
2, 53
Let z(t) = 7*t**3 + 3*t**2 + 2*t + 3. Let x be z(-3). Let h be (x/10)/((-3)/(-6)). Let b = h - -82. What are the prime factors of b?
7
Let q(k) = 2*k**2 - 11*k + 93. List the prime factors of q(16).
3, 11, 13
Suppose p = 4*c - 3*c, 0 = -3*p - c + 8. Suppose -p*f = -139 + 11. What are the prime factors of f?
2
Let k(d) = 15*d - 1. Suppose 3 - 6 = -3*f. Suppose -3*s = f - 10. List the prime factors of k(s).
2, 11
Let r be ((-8)/7)/4 + 80/(-14). Let a(s) = s**3 + 8*s**2 - 5*s + 5. List the prime factors of a(r).
107
Let a be (-228)/14 + 8/28. Let m be 3/1 + (9 - a). Suppose -5*d = -52 - m. List the prime factors of d.
2
Suppose -15*l + 3468 = -9*l. List the prime factors of l.
2, 17
Suppose 10*c - 43 + 3 = 0. Suppose c*k + 68 = 448. What are the prime factors of k?
5, 19
Suppose -1067 = -6*z + 67. What are the prime factors of z?
3, 7
Suppose -b = 3*l - 120, 5*b - l - 42 = 622. What are the prime factors of b?
2, 3, 11
Suppose 1354 = 5*h - 2*u, 2*h - 5*h + 804 = 3*u. List the prime factors of h.
2, 3, 5
Let y be (-16)/(-20)*5 + -1*4. Suppose -176 = -4*b - 4*t, y = -b + 2*t - t + 52. List the prime factors of b.
2, 3
Let b = -538 - -762. List the prime factors of b.
2, 7
Suppose -5*d = u - 73, -5*d + 21 + 46 = -u. Suppose -2 = -2*f - d. Let w = f - -13. List the prime factors of w.
7
Let u = 2084 - 778. What are the prime factors of u?
2, 653
Suppose -3*w - 15 = 0, -26 = -4*b + b + w. Let a(k) = 263*k**3 - k**2 + 4*k - 5. Let y be a(1). Suppose -b*h + y = -82. What are the prime factors of h?
7
Suppose 47*v - 48*v + 183 = 0. Let k = -72 + v. What are the prime factors of k?
3, 37
Let c(w) = 4*w + 52. Let s be c(10). Let p = s + 12. List the prime factors of p.
2, 13
Suppose 5*z = 5*g - 1830, 2*g + 4*z = 5*g - 1096. What are the prime factors of g?
2, 23
Let k(v) = -2*v**2 + 13*v + 2. Let g be k(6). What are the prime factors of 23/(g/16*(-4)/(-18))?
3, 23
Suppose -105 = -4*v - 3*a, 8*a = 2*v + 3*a - 85. Let b(q) = 2*q**2 + 9*q + 24. Let t be b(-5). Let r = v + t. What are the prime factors of r?
59
Let d(y) = 2*y**2 + 11*y - 13. Let o be d(-10). Suppose 4*r - 37 = 2*w + 75, -3*r + 5*w = -o. List the prime factors of r.
29
Suppose 0 = 2*j - 205 - 25. Let i be 191/(-3) + (70/15)/7. Let o = i + j. What are the prime factors of o?
2, 13
Let a be ((-6)/(-9))/((-7)/(-1491)). Suppose 42 + a = 2*f. List the prime factors of f.
2, 23
Suppose 7*a = 111 + 36. Suppose -2 = -2*j, -4*u + j = 2*j - a. Suppose -u*p - 10 = 4*v - 29, 3*p - 37 = 4*v. What are the prime factors of p?
7
Let q(r) = 5*r**2 - 7*r + 4. Let c be q(2). What are the prime factors of 5/c*6 + 239?
2, 11
Let x(w) be the first derivative of -9/2*w**4 - 4 + 0*w**2 - 2/3*w**3 + w. What are the prime factors of x(-1)?
17
Let z be (36/48)/(2/24). List the prime factors of 159/(-18)*-2*z.
3, 53
Let k(w) be the second derivative of 7*w**4/12 + w**3/2 + w**2/2 + 19*w - 3. Let j(i) = -i**3 - 2*i**2 + i. Let r be j(-2). List the prime factors of k(r).
23
Let g be (714*1)/(3 + 6/(-4)). Suppose -3*y = 5*l - 6*y - g, -3*l + 276 = -5*y. List the prime factors of l.
97
Let a(z) = -z**2 - 12*z + 8. Let k be a(-12). Let y = 50 - 26. Let o = y - k. What are the prime factors of o?
2
Suppose -35*n - 14560 = -51*n. List the prime factors of n.
2, 5, 7, 13
Let p be (4266/13 - -1) + 42/(-273). Suppose -9*r + 2*r = -p. What are the prime factors of r?
47
Suppose -555 = -p + 158. List the prime factors of p.
23, 31
Let x be 1/((-2)/(2 + -62)). Let j = -122 + 114. What are the prime factor